= 0. Let z = 20 - m. What is the units digit of z?
8
Let m(g) = g**2 - g - 1. Let x(p) be the second derivative of -4*p**3/3 - p. Let r(h) = -m(h) + x(h). What is the units digit of r(-6)?
7
Let l(t) = -t**2 - 11*t - 8. Let p be l(-10). Suppose b - 5*y = 10, -b - 2*y - p*y = 8. What is the tens digit of (-10)/((-2)/(b - -2))?
1
Suppose 2*m - 5*l + 10 = 0, 6*m + 3*l - 32 = 2*m. Suppose -m*x + 66 = -19. What is the tens digit of x?
1
Suppose -4*y + 3*z = 2*z - 212, y = 3*z + 53. What is the units digit of y?
3
Suppose -78 = -5*s - y, 2*s - y + 6*y - 22 = 0. What is the units digit of s?
6
Suppose 3*k + k = -4*y + 60, -3*k - 5*y = -37. Let t = 36 - k. What is the units digit of t?
7
Let i(y) = -11*y + 9. What is the units digit of i(-4)?
3
What is the hundreds digit of (-2)/8 + 5159/44?
1
Let b(a) = 21*a**2 + 7*a - 5. What is the hundreds digit of b(4)?
3
Suppose 0 = l + 2*l - 15. Suppose 4*w = l*n - 38, -5*n + 24 = -2*w - 0*n. Let d(c) = c + 8. What is the units digit of d(w)?
1
Suppose 94 = -5*b + 3*n, 4*b - 2*b = 5*n - 49. Let v = b - -27. What is the tens digit of v?
1
Suppose 2*l - 16 = -d - 4, -5*l = -3*d + 3. Let u be 6/4*8/d. Suppose u*t - 5*t = -24. What is the units digit of t?
8
Let l = 15 - 7. Let o(h) = h - 1. What is the units digit of o(l)?
7
Let w = 4 + -3. Let g = w - -1. Suppose 2*p = 6 - 0, 5*u - g*p - 9 = 0. What is the units digit of u?
3
Suppose a + 0*a - 7 = 0. Let r = a - 5. Suppose -2 = -0*n - r*n. What is the units digit of n?
1
Suppose -5*b + 259 = -3*w, 6*w - 11*w = -3*b + 149. What is the tens digit of b?
5
Let o = -22 - -12. Suppose 45 + 51 = -4*b. Let t = o - b. What is the units digit of t?
4
Suppose 4*m + 4*h - 8 = 0, m = -m - 4*h + 8. Suppose m*y - 3 = -y. Let r(p) = -p**3 + 5*p**2 - 3*p + 1. What is the units digit of r(y)?
0
Suppose -2*x - 4*z = 2*x - 392, 4*x - z = 377. What is the units digit of x?
5
Let z(m) = 2*m**2 + m - 1. Suppose -2*f = 3*w + 1, 11 = 4*f - 9*f + w. What is the units digit of z(f)?
5
Suppose v = 2*v - 4, 0 = 2*i + 5*v - 96. Suppose 2*n = 3*n - i. Let d = n + -23. What is the tens digit of d?
1
Let n be 2 - -2 - (-2)/(-2). Suppose -n*k = 2*k - 185. What is the tens digit of k?
3
Let c(v) = -v**3 - 3*v**2 + 10*v + 15. What is the tens digit of c(-5)?
1
Let t(d) = -17*d. What is the tens digit of t(-1)?
1
Suppose -5*z + 176 = -44. Let d = 24 - z. Let y = -14 - d. What is the units digit of y?
6
Let i be (3 - 16)*(0 - 1). Let t = i + -6. What is the units digit of t?
7
Let m = 7 + -10. Let x be 9/(9/m) - -7. Suppose x*r - 40 - 32 = 0. What is the units digit of r?
8
Suppose -3*c + 0*c = -21. Let z(f) = 2*f - 9. Let h be z(c). Suppose 3*q + 1 + 23 = 3*g, -g + h*q + 8 = 0. What is the units digit of g?
8
Let x be 4*(2 + 15/(-12)). Suppose -4 - 50 = -x*m. What is the tens digit of m?
1
Let h be ((-5)/2 - -2)*8. Let o = h - -12. What is the units digit of o?
8
Suppose -p + 43 = 4*t, 0*p + 4*p - 208 = -4*t. What is the tens digit of p?
5
Let x(s) = -4*s - 1. Let h(i) = 1. Let n(r) = -4*h(r) - x(r). Suppose 3*v = 2*g + 2, -3*g + 13 = v + 5. What is the units digit of n(v)?
5
Suppose -5*w + 2 = -r - 0, -2 = -2*w. Let s be (-2 - -3)*5*1. Suppose -q + 4*q - r = -d, -s*q + 5 = 3*d. What is the units digit of q?
1
Suppose k + 3*k = 8, y = 5*k - 6. Let v(d) be the third derivative of d**5/60 - d**4/12 - d**3/3 + 4*d**2. What is the units digit of v(y)?
6
Let v(w) = -2*w**2 - 2*w + 4. Let k be v(-3). Let b = -5 - k. What is the units digit of (-3)/(b/(-14) + 0)?
4
Suppose 701 = -5*m + 2736. What is the hundreds digit of m?
4
Let h = 6 - 4. Let d(k) = -4*k + 9*k - 9 + 10*k - k**h - 3*k. What is the tens digit of d(10)?
1
Let x = 9 + -4. Suppose -47 = -x*j + 38. What is the tens digit of j?
1
Let c(k) = 3*k**2 - 7*k + 1. What is the tens digit of c(4)?
2
Suppose -p - 2*r - 13 = 0, 2*p - 4*p + 5*r = -10. Let c = p + 9. What is the units digit of c?
4
Suppose -2*g = 2*g + 12. Let r = g + 11. What is the units digit of r?
8
Suppose -2*i - 5*j = -24 + 7, -5*i + 5*j = 10. What is the units digit of (-1 + 1 + 1)*i?
1
Suppose -4*x + 37 = -195. What is the tens digit of x?
5
Suppose s - 1225 = -6*s. What is the units digit of s?
5
Suppose -3*w - v + 84 = 0, 0 = -3*w + 2*v + 80 + 4. Let b = 42 - w. What is the tens digit of b?
1
Let o(h) = -h**2 - h + 1. Suppose -a + 3*a - 8 = 0. Suppose -q = -a*q. What is the units digit of o(q)?
1
Let c(t) = -t**3 + 5*t**2 + 7*t + 1. Let z be c(6). Let k(i) be the third derivative of i**4/24 + i**3/2 - i**2. What is the units digit of k(z)?
0
Let c(w) = -w**3 - 4 - 3*w**2 - 7*w**2 + 2*w**2 - 7*w + 3*w**2. What is the units digit of c(-4)?
8
Let j = -123 + 189. Let q = -40 + j. Suppose -2*g - 1 = -2*c + 7, -g - 5*c + q = 0. What is the units digit of g?
1
Suppose 6*i - 569 = -23. What is the units digit of i?
1
Let y(x) = 6*x - 2. Let g be y(3). Suppose -r = r - g. What is the units digit of r?
8
Let t(j) = -j - 13. Let u = 17 - 25. Let i be t(u). What is the units digit of (-1)/i + (-34)/(-5)?
7
What is the units digit of (-1043)/(-2)*128/224?
8
Let x(j) = -j + 1. Let v be (-6)/(-5)*40/(-12). Let s be x(v). Suppose 4*o - 2*r = 18, r + 41 = s*o + 11. What is the units digit of o?
7
Let w = 22 - 13. What is the units digit of w?
9
Let c(b) be the first derivative of -b**4/4 + 2*b**3 - 3*b**2/2 - 4*b - 1. Let h(j) = 2*j**2 + 4*j - 1. Let x be h(-3). What is the units digit of c(x)?
6
Let m = -8 + 12. What is the units digit of m?
4
Let a(w) = 2*w**2 + 3*w + 3. Let v be (-5 - 1)/(3/(-2)). What is the tens digit of a(v)?
4
Let f = 14 + 26. Suppose f = 2*h + 3*h. What is the units digit of h?
8
Let g = -9 + 19. Let v(d) = -d + 12. Let h be v(g). What is the units digit of 1*h/(2/9)?
9
Suppose i + 35 = 4*n, 3*n + 3*i - 40 = i. Let p = n + -6. What is the units digit of p?
4
Suppose 2*y - 11 = -5*k, 5*k = -y - 0*y - 2. What is the tens digit of y?
1
Suppose -2*b = 4*p + 6 + 4, -4*b = -5*p - 45. Let t(z) be the first derivative of -z**4/4 - 5*z**3/3 - z**2/2 + 1. What is the units digit of t(p)?
5
Suppose 5*v = -25, 5*c + 8*v = 4*v - 20. Suppose -r + 2*r - 1 = c. What is the units digit of r?
1
Suppose -2*v - v = 6. Let m be (1*1*-26)/v. Let k = 19 - m. What is the units digit of k?
6
Let a be -1*(2 - (2 - 1)). Let d be -2 + 4 - 8/a. Let p = d - 7. What is the units digit of p?
3
Suppose -d = -2*d + 4. Suppose -7*p + 5*f + 45 = -2*p, -f = -d. What is the tens digit of p?
1
Suppose -3*c = -6*c - 6. Let o = 6 + c. Suppose -6 + 38 = o*t. What is the units digit of t?
8
Let l(p) = -13*p**2 + 2*p + 1. Let b = -7 - -6. Let u be l(b). What is the units digit of (-130)/u + (-8)/28?
9
Let x = 152 - 70. What is the units digit of x?
2
Suppose -8 = c - 3*c. Suppose -65 = -c*d + 71. Suppose -d = -3*z - 2*p + 11, 0 = 4*p. What is the tens digit of z?
1
Let w(d) = 2*d**2 - 7*d - 2. What is the tens digit of w(6)?
2
Let n be (-50)/(-15) - 2/6. Let h(m) = 2*m - 1. Let q be h(n). Suppose -v - q = -6*v. What is the units digit of v?
1
Let g be (3 - -2)*-1 - 2. Suppose -9 - 1 = -l. Let d = g + l. What is the units digit of d?
3
Let x(y) = -2*y + 2. Let a be x(-2). Let m be (-116)/a + 10/(-15). Let r = -11 - m. What is the units digit of r?
9
Suppose 0*k = -k - 2. Let a(j) = 3*j**2 - 8 - 5 + 11. What is the units digit of a(k)?
0
Suppose -27*o + 3060 = -12*o. What is the units digit of o?
4
What is the units digit of 112 + 12/(12/2)?
4
Let n = -3 - 1. Suppose 2*t - 12 = 4*a, -5*t - a = 4*a. What is the units digit of 1*t*(-2)/n?
1
Suppose -5*c - 5 = -g, c + 20 = 4*g - 3*c. What is the units digit of g?
5
Suppose -5*h + t + 3*t = 8, 5*t - 10 = 4*h. Let u = 0 - h. Suppose -2*z + 20 - 2 = u. What is the units digit of z?
9
Let s(m) = -m - 4. Let a be s(-6). Suppose -5*q - 4 = -o + a, 3*o - 4*q = 29. Let t = o - 7. What is the units digit of t?
4
Let h(j) = -j**3 + 7*j**2 - 2*j + 5. Suppose 3*m = 6*m - 18. What is the tens digit of h(m)?
2
Suppose 125 = 3*w - 1. What is the tens digit of w?
4
Suppose 5 = 3*d - 7. What is the units digit of d?
4
Let v(k) = -k**2 + 9*k - 2. Let w be v(9). Let u(p) = -7*p - 3. What is the tens digit of u(w)?
1
Suppose -19 = -5*c + 91. What is the tens digit of c?
2
Let j(g) = -g**3 - 3*g**2 - 7*g - 8. Let q(l) = l**3 + 11*l**2 + 12*l + 14. Let f be q(-10). Let w be j(f). What i